. Suppose 0 = -4*q - 4*v + 12, -4*q - v + c - 3 = 0. What is the highest common divisor of 33 and q?
3
Suppose 2*m - 4*r = 218, -3*m = -3*r - 516 + 174. What is the highest common factor of 17 and m?
17
Let l(u) = 2*u. Let a = 8 - 6. Let w be l(a). Suppose -w*q + 244 = 2*o, 3*q + 29 + 118 = o. Calculate the greatest common divisor of 12 and o.
12
Suppose n = -n + 8. Let d be n/(-2) + -8 + 0. Let v be 114/15 + (-4)/d. What is the highest common factor of 4 and v?
4
Suppose 4*l = 12, 3*g + 3*l = -g + 25. Suppose g*h = 86 + 314. Calculate the greatest common divisor of 40 and h.
20
Let v = -12 + 8. Let i be ((-15)/4 + 3)*v. What is the greatest common divisor of i and 3?
3
Let g be 2/6 - 2/6. Suppose 4*d + g = 36. Let x(o) = -o**2 - 8*o - 1. Let j be x(-7). What is the greatest common factor of j and d?
3
Let i = 229 - 151. Let j = i + 21. Let y be (-1)/((-2)/20) + 1. What is the greatest common factor of j and y?
11
Let s be 8*((-28)/16)/(-7). Let r be s + -4 + 2 + 10. What is the highest common factor of 20 and r?
10
Suppose -2*l + 5*n - 4 = 0, -2*l - 3*l - 4*n - 10 = 0. Let q = l - -12. What is the greatest common divisor of 5 and q?
5
Let g be 4/16 - 167/(-4). Suppose f + f - 6 = -4*p, g = 4*f - 2*p. Suppose -2*q + f + 7 = 0. What is the greatest common divisor of 8 and q?
8
Suppose -y + 5*i = 6, i = -4*y - 4*i + 26. Calculate the highest common factor of y and 28.
4
Suppose -3*b = -0*b - 144. Suppose -16 - 14 = -2*u + 2*l, 4*l - b = -5*u. Let c = 19 - u. Calculate the greatest common divisor of c and 49.
7
Let z be 9/(-15) - 26/(-10). Suppose -z*v = -5*b + 12 + 1, b + 25 = 5*v. Calculate the highest common divisor of 18 and v.
6
Let a be 6/(-15) + (-4)/(-10). Suppose a = -8*b + 6*b + 6. What is the highest common factor of b and 6?
3
Let l = -6 + 4. Let y be 16/(-6)*(l - 1). What is the highest common factor of 4 and y?
4
Let j(u) = 4*u**2 - 6*u. Let c be j(3). Calculate the greatest common factor of 2 and c.
2
Suppose 0*t - 35 = -5*t. Let p be 2/4 + 1/(-2). Let i be (4 - 3) + 0 + p. Calculate the highest common divisor of t and i.
1
Let i be (2 - 2) + (1 - -11). Let g be ((-28)/(-12))/(2/i). What is the greatest common factor of g and 35?
7
Let p(d) = 4*d**2 - 2. Let l be p(-2). Let k be (-112)/8 - (-2 - -5). Let n = k + 115. What is the greatest common factor of n and l?
14
Suppose -4*p + 20 = -3*p. What is the greatest common factor of p and 4?
4
Let k(m) = -5*m - 1. Let h be k(-5). Let u(r) = r**2 + 3*r + 2. Let q be u(-5). Let a = 20 - q. What is the highest common factor of h and a?
8
Let i be -2*(-9)/12*2. Suppose -24 = -5*g + i*m, m + 14 + 4 = 5*g. What is the greatest common factor of 24 and g?
3
Let l(h) = h**3 + 9*h**2 - 11*h - 12. Let x be l(-10). Let t be 0 - 0 - x/1. Let j be (7*-2)/(t - 3). What is the greatest common divisor of 70 and j?
14
Let x be (4/(-3))/(2/(-12)). Suppose -3*y - 12 = 0, -3*h + 2*y + 15 = -2. Suppose 0*b + h*b = 72. What is the greatest common factor of b and x?
8
Suppose 4*v + 32 = -76. Let h be (-9)/v - 700/(-6). Calculate the highest common divisor of 13 and h.
13
Suppose -3*w + 29 = -4*v, -v + 67 = 5*w - 3*v. Let u = -14 - -20. Let g be 47/3 + (-4)/u. What is the greatest common factor of g and w?
15
Suppose 0 = 24*z - 8*z - 256. What is the greatest common divisor of z and 144?
16
Suppose -1 = h, h - 1 = -b + 46. Suppose 0 = -2*i - 3*i + 4*v + 10, 0 = 2*i + v - 17. What is the highest common factor of b and i?
6
Let d be ((-36)/(-24))/((-6)/(-4)). Calculate the highest common factor of 1 and d.
1
Let n = 47 - -13. What is the highest common factor of n and 24?
12
Let k = 129 - 117. Let c(l) = l**3 + 6*l**2 + 5*l. Let g be c(-4). What is the greatest common divisor of g and k?
12
Suppose -4*b - c = 18, -4*c + c = b - 1. Let m be (-3)/(-3) - (3 + b). What is the highest common factor of 3 and m?
3
Suppose -2*g = -0*g - 14. Let a = 4 + g. What is the highest common divisor of 11 and a?
11
Let m(u) be the second derivative of u**5/20 - 7*u**4/6 + 7*u**3/3 - 3*u**2 - 2*u. Let a be m(13). What is the greatest common divisor of 7 and a?
7
Suppose 4*r - 2*r = 3*h + 355, 865 = 5*r - 3*h. What is the highest common divisor of 10 and r?
10
Suppose 40 = 7*y - 51. Calculate the greatest common divisor of y and 1.
1
Let i be ((-6)/(-4))/((-2)/(-4)). Suppose 8*m = 2*m + 36. Suppose x - 2*p + 38 = m*x, -p = -2*x + 8. Calculate the greatest common divisor of x and i.
3
Suppose -i + 2*m + 11 = 0, 4*m = -5*i + 80 + 3. Let n(p) = -p**2 + 7*p - 4. Let v be n(5). What is the greatest common factor of v and i?
3
Suppose -5*l - 3*r + 70 = -r, 0 = l + 5*r + 9. Let j = -41 - -89. Suppose -2*p + 5*p - j = 0. Calculate the greatest common divisor of p and l.
16
Let q = 232 + -124. What is the greatest common factor of 27 and q?
27
Let k be (144/56)/(1/7). Calculate the greatest common divisor of 36 and k.
18
Suppose a = 24 + 24. What is the highest common factor of a and 24?
24
Let b = -18 + 32. What is the highest common divisor of 14 and b?
14
Let u = -29 - -55. What is the highest common factor of u and 26?
26
Suppose 3*n + 40 = -n. Let i be (-14)/n + 6/(-15). What is the greatest common divisor of 9 and i?
1
Let i = 191 - 128. Suppose -2*q + q + 8 = 0. Suppose 0 = b - 1 - q. What is the highest common factor of i and b?
9
Let l be (9 - (-1 - -1)) + 0. Let j be -1 - -13 - (-9 + l). What is the greatest common divisor of 24 and j?
12
Let i(s) = -s**2 - 3*s + 5. Let q be i(-4). Suppose -17 + q = -u. Calculate the greatest common divisor of 112 and u.
16
Let x(o) = 3*o - 5. Let r be x(4). Calculate the greatest common factor of 77 and r.
7
Suppose 5*q - 3*k - 45 = -8*k, -5*q + 47 = 3*k. Suppose d = 3*b - 40, -2*b - d + q + 15 = 0. What is the highest common divisor of 39 and b?
13
Let i = 69 - 39. What is the highest common factor of i and 45?
15
Suppose -3*a - 2 = -m - 27, -3*m - 49 = 4*a. Let s = 29 + m. Calculate the highest common factor of 25 and s.
5
Suppose 0 = 3*r - 11 + 5. Suppose 3*b - 4*b + 4*d + 5 = 0, -4*b = -5*d - 20. Calculate the highest common divisor of r and b.
1
Let y(v) = v**2 - 4*v. Let l = 3 + 3. Let n be y(l). Let h be (-80)/n*12/(-10). What is the highest common factor of 8 and h?
8
Let w(a) = a**3 + 4*a**2 - 2*a - 4. Let s be w(-4). Suppose s*x - 400 = 2*x. What is the highest common divisor of x and 20?
20
Let c(w) = w**2 + 5*w - 3. Let m be c(-6). Calculate the highest common divisor of 3 and m.
3
Let y(j) = -j + 14. Let p be y(0). Let o(q) = 8*q**2. Let s be o(-6). Let k = s + -204. What is the highest common factor of k and p?
14
Suppose -3*a + 4*v = 7, 3*v - 3 = -a + 4*a. Suppose 2*c - a*h - 28 = 0, h - 13 - 1 = -c. What is the greatest common factor of 70 and c?
14
Suppose -2070 = -4*y - y. What is the highest common factor of 46 and y?
46
Let q be 32 - (-2)/(-3 - -2). Suppose 4*a - 2 = -2*b, 0 = -2*a + a - 5*b + 5. Suppose 3*z - 50 + 5 = a. What is the greatest common divisor of q and z?
15
Let x(p) = 53*p**3 - p**2 + p. Let a be x(1). Let i = a - 26. Suppose 0 = 3*z - 14 - 13. Calculate the highest common divisor of i and z.
9
Suppose 0 = -4*q - 5*i - 18, 0*q - 2*q + 4*i = -4. Let r be (5 + 2)*(1 - q). What is the greatest common factor of 3 and r?
3
Suppose -2*g = -g - 10. Suppose g = 2*h - 0. Suppose o + h*f = 2*o + 8, f = 5*o - 8. Calculate the greatest common factor of 12 and o.
2
Let k = -634 + 364. Let r be ((-2)/(-3))/((-3)/k). Calculate the highest common divisor of 24 and r.
12
Suppose 0 = -4*b + 28 + 260. Calculate the highest common divisor of 8 and b.
8
Suppose 7*w = 11*w - 88. What is the greatest common factor of 154 and w?
22
Let i(x) = -x + 44. Let k be i(0). Suppose -4*f = -4*z - 16, -6*f - 4*z - 8 = -2*f. Let l be (-1)/f + 15 + -3. Calculate the greatest common factor of k and l.
11
Suppose 207 + 9 = 24*z. Let a = -35 + 4. Let i = 58 + a. What is the greatest common factor of i and z?
9
Suppose -6*b + 12 = -2*b. What is the highest common factor of b and 6?
3
Suppose -c + 102 = 7. Suppose 9 = 2*d - 67. What is the highest common divisor of d and c?
19
Suppose p - 3*o = -0*p - 3, 33 = 4*p + 3*o. Let t = 12 - p. Calculate the greatest common factor of t and 9.
3
Let i(x) be the second derivative of -x**5/20 - x**4/3 + x**3/3 - 3*x**2/2 + 3*x. Let w be i(-5). What is the gre